{"id":603,"date":"2016-05-14T17:46:14","date_gmt":"2016-05-14T17:46:14","guid":{"rendered":"http:\/\/sindica.com.br\/site\/?page_id=603"},"modified":"2016-06-08T00:26:15","modified_gmt":"2016-06-08T00:26:15","slug":"para-o-seu-apartamento","status":"publish","type":"page","link":"https:\/\/sindica.com.br\/site\/facilidades-2\/para-o-seu-apartamento\/","title":{"rendered":"Tabela de Servi\u00e7os para o Seu Apartamento"},"content":{"rendered":"<p align=\"center\"><a href=\"http:\/\/sindica.com.br\/site\/wp-content\/uploads\/2016\/05\/limpeza.jpg\"><img decoding=\"async\" loading=\"lazy\" class=\"alignnone size-full wp-image-660\" src=\"http:\/\/sindica.com.br\/site\/wp-content\/uploads\/2016\/05\/limpeza.jpg\" alt=\"limpeza\" width=\"800\" height=\"200\" srcset=\"https:\/\/sindica.com.br\/site\/wp-content\/uploads\/2016\/05\/limpeza.jpg 800w, https:\/\/sindica.com.br\/site\/wp-content\/uploads\/2016\/05\/limpeza-300x75.jpg 300w\" sizes=\"(max-width: 800px) 100vw, 800px\" \/><\/a><\/p>\n<p>&nbsp;<\/p>\n<p><strong>SERVI\u00c7O DE LIMPEZA EM APARTAMENTOS RESIDENCIAIS<\/strong><\/p>\n<p><strong>Limpezas Realizadas:<\/strong><\/p>\n<ul>\n<li>Limpeza do Ch\u00e3o;<\/li>\n<li>Limpeza Banheiro;<\/li>\n<li>Limpeza Janelas Internas;<\/li>\n<li>Limpeza de lumin\u00e1rias, tomadas e interruptores;<\/li>\n<li>Limpeza de portas;<\/li>\n<li>Limpeza de rodap\u00e9 e roda-teto;<\/li>\n<li>Limpeza externa de m\u00f3veis (conforme autoriza\u00e7\u00e3o);<\/li>\n<li>Recolhimento de lixo e limpeza de lixeiras.<\/li>\n<li>Arruma\u00e7\u00e3o das Camas.<\/li>\n<\/ul>\n<ul>\n<li>Disponibilidade de Pacotes Mensalista e Di\u00e1ria. Entre em contato conosco para mais informa\u00e7\u00f5es atrav\u00e9s do e-mail <a href=\"mailto:facilidades@sindica.com.br\">facilidades@sindica.com.br<\/a>.<\/li>\n<\/ul>\n<p><a href=\"http:\/\/sindica.com.br\/site\/wp-content\/uploads\/2016\/05\/mudancas2.jpg\"><img decoding=\"async\" loading=\"lazy\" class=\"alignnone size-full wp-image-668\" src=\"http:\/\/sindica.com.br\/site\/wp-content\/uploads\/2016\/05\/mudancas2.jpg\" alt=\"mudancas2\" width=\"800\" height=\"200\" srcset=\"https:\/\/sindica.com.br\/site\/wp-content\/uploads\/2016\/05\/mudancas2.jpg 800w, https:\/\/sindica.com.br\/site\/wp-content\/uploads\/2016\/05\/mudancas2-300x75.jpg 300w\" sizes=\"(max-width: 800px) 100vw, 800px\" \/><\/a><\/p>\n<p><strong>SERVI\u00c7O DE MUDAN\u00c7A NA PARTIDA E CHEGADA EM APARTAMENTOS RESIDENCIAIS<\/strong><\/p>\n<p><strong>Servi\u00e7os Realizados:<\/strong><\/p>\n<ul>\n<li>Descarte do que n\u00e3o vai para o novo apartamento;<\/li>\n<li>Limpeza dos objetos que ser\u00e3o transportados;<\/li>\n<li>\u00a0Embalagem de tudo que ser\u00e1 transportado;<\/li>\n<li>Transporte dos objetos para seu novo apartamento;<\/li>\n<li>Compra de supermercado (autorizado pelo morador).<\/li>\n<li>Organiza\u00e7\u00e3o de toda mudan\u00e7a no seu novo apartamento, deixando tudo pronto para voc\u00ea morar.<\/li>\n<\/ul>\n<p>Para informa\u00e7\u00f5es sobre valores, dever\u00e3o solicitar visita para que seja encaminhado or\u00e7amento. Entre em contato conosco para mais informa\u00e7\u00f5es atrav\u00e9s do e-mail <a href=\"mailto:facilidades@sindica.com.br\">facilidades@sindica.com.br<\/a>.<\/p>\n<p><a href=\"http:\/\/sindica.com.br\/site\/wp-content\/uploads\/2016\/05\/reparos1.jpg\"><img decoding=\"async\" loading=\"lazy\" class=\"alignnone size-full wp-image-669\" src=\"http:\/\/sindica.com.br\/site\/wp-content\/uploads\/2016\/05\/reparos1.jpg\" alt=\"reparos\" width=\"800\" height=\"200\" srcset=\"https:\/\/sindica.com.br\/site\/wp-content\/uploads\/2016\/05\/reparos1.jpg 800w, https:\/\/sindica.com.br\/site\/wp-content\/uploads\/2016\/05\/reparos1-300x75.jpg 300w\" sizes=\"(max-width: 800px) 100vw, 800px\" \/><\/a><\/p>\n<p><strong>SERVI\u00c7O DE MANUTEN\u00c7\u00c3O EM SALAS COMERCIAIS <\/strong><\/p>\n<p><strong>Servi\u00e7os realizados:<\/strong><\/p>\n<p>Abaixo voc\u00ea ver\u00e1 detalhadamente quais facilidades disponibilizamos de servi\u00e7os El\u00e9tricos, hidr\u00e1ulicos, de Pintura, Pisos, Forros, Impermeabiliza\u00e7\u00e3o, Instala\u00e7\u00e3o de Split, entre outros.<\/p>\n<p>Para informa\u00e7\u00f5es sobre valores, dever\u00e3o solicitar visita para que seja encaminhado or\u00e7amento. Entre em contato conosco para mais informa\u00e7\u00f5es atrav\u00e9s do e-mail <a href=\"mailto:facilidades@sindica.com.br\">facilidades@sindica.com.br<\/a><\/p>\n<p>&nbsp;<\/p>\n<p><strong>1 INSTALA\u00c7\u00d5ES EL\u00c9TRICAS<\/strong><\/p>\n<p>Ponto de l\u00f3gica &#8211; UTP (c\/ instala\u00e7\u00e3o aparente)<\/p>\n<p>Ponto de l\u00f3gica &#8211; UTP (incl. eletr., cabo e conector)<\/p>\n<p>Ponto el\u00e9trico estabilizado (c\/ instala\u00e7\u00e3o aparente)<\/p>\n<p>Ponto el\u00e9trico estabilizado (incl. eletr.,cx., fia\u00e7\u00e3o e tomada)<\/p>\n<p>Ponto p\/ telefone (c\/eletroduto, cx., fia\u00e7\u00e3o e tomada)<\/p>\n<p>&nbsp;<\/p>\n<p><strong>2 INSTALA\u00c7\u00d5ES DE AR CONDICIONADO:<\/strong><\/p>\n<p>Dreno para caixa ar condicionado de parede h=3,0m<\/p>\n<p>Ponto de dreno p\/ split (10m)<\/p>\n<p>Ponto de g\u00e1s p\/ split at\u00e9 30.000 BTU&#8217;s (10m)<\/p>\n<p>Ponto de g\u00e1s p\/ split at\u00e9 60.000 BTU&#8217;s (10m)<\/p>\n<p>Ponto p\/ar condicionado (tubul.,cj. airstop e fia\u00e7\u00e3o)<\/p>\n<p>Revis\u00e3o de ponto de ar condicionado<\/p>\n<p>&nbsp;<\/p>\n<p><strong>3 INTERRUPTORES<\/strong><\/p>\n<p>Conjunto Airstop de embutir completo<\/p>\n<p>&nbsp;<\/p>\n<p><strong>4 INSTALA\u00c7\u00d5ES HIDROSSANIT\u00c1RIAS: AGUA FRIA: TUBOS,V\u00c1LVULAS E REGISTROS<\/strong><\/p>\n<p>Autom\u00e1tico de n\u00edvel inferior e superior (c\/ eletroduto e fia\u00e7\u00e3o)<\/p>\n<p>Cisterna em concreto armado cap= 7.500 lts.<\/p>\n<p>Ponto de agua (incl. tubos e conex\u00f5es)<\/p>\n<p>Ponto de esgoto (incl. tubos, conex\u00f5es, cx. e ralos)<\/p>\n<p>Revis\u00e3o de ponto de esgoto<\/p>\n<p>&nbsp;<\/p>\n<p><strong>5 PINTURAS:<\/strong><\/p>\n<p>A Base de \u00c1gua:<\/p>\n<p>Emassamento de parede p\/ receber pintura PVA<\/p>\n<p>PVA externa (sobre pintura antiga)<\/p>\n<p>PVA externa c\/ massa sem liq. preparador<\/p>\n<p>PVA externa c\/massa e liq. preparador<\/p>\n<p>PVA externa sem massa c\/ l\u00edq. preparador<\/p>\n<p>PVA externa sem superf. preparada<\/p>\n<p>PVA interna (sobre pintura antiga)<\/p>\n<p>PVA interna c\/ massa acr\u00edlica e selador<\/p>\n<p>PVA interna c\/ massa acr\u00edlica sem selador<\/p>\n<p>PVA interna c\/ massa e selador<\/p>\n<p>PVA interna c\/ massa sem selador<\/p>\n<p>PVA interna sem massa c\/ selador<\/p>\n<p>PVA interna sem superf. preparada<\/p>\n<p>PVA sobre muro<\/p>\n<p>A Base de \u00d3leo:<\/p>\n<p>Emassamento de parede p\/ receber pintura a \u00f3leo<\/p>\n<p>\u00d3leo sobre ferro (superf. aparelhada)<\/p>\n<p>\u00d3leo sobre grade de ferro (superf. aparelhada)<\/p>\n<p>\u00d3leo sobre madeira c\/ massa e selador<\/p>\n<p>\u00d3leo sobre madeira c\/ selador sem massa<\/p>\n<p>\u00d3leo sobre parede c\/ massa e selador<\/p>\n<p>\u00d3leo sobre parede sem massa c\/ selador<\/p>\n<p>Esmalte:<\/p>\n<p>Esmalte s\/ ferro (superf. lisa)<\/p>\n<p>Esmalte s\/ madeira c\/ selador sem massa<\/p>\n<p>Esmalte s\/ parede c\/ massa e selador<\/p>\n<p>Esmalte sobre grade de ferro (superf. aparelhada)<\/p>\n<p>Esmalte sobre madeira c\/ massa e selador<\/p>\n<p>Esmalte sobre parede c\/ selador sem massa<\/p>\n<p>Verniz:<\/p>\n<p>Verniz poliuretano sobre concreto\/tijolo<\/p>\n<p>Verniz poliuretano sobre madeira (esquadrias\/forro)<\/p>\n<p>Verniz poliuretano sobre madeiramento do telhado<\/p>\n<p>Acr\u00edlica:<\/p>\n<p>Acr\u00edlica (sobre pintura antiga)<\/p>\n<p>Acr\u00edlica acetinada c\/ massa e selador &#8211; interna e externa<\/p>\n<p>Acr\u00edlica fosca int. e ext. sem massa c\/ selador &#8211;<\/p>\n<p>Acr\u00edlica fosca int.\/ext. c\/fdo. preparador 3 dem.(reforma)s\/massa<\/p>\n<p>Acr\u00edlica fosca int.\/ext. c\/massa e selador &#8211; 3 dem\u00e3os<\/p>\n<p>Acr\u00edlica semi-brilho c\/ massa e selador &#8211; interna e externa<\/p>\n<p>Emassamento de parede c\/ massa acr\u00edlica<\/p>\n<p>Epoxi:<\/p>\n<p>Epoxi com massa e selador<\/p>\n<p>Epoxi sem massa c\/ selador<\/p>\n<p>Outras Pinturas:<\/p>\n<p>Acr\u00edlica para piso<\/p>\n<p>Anti-ferruginosa<\/p>\n<p>Anti-ferruginosa sobre grade de ferro<\/p>\n<p>Automotiva sobre superf\u00edcie met\u00e1lica<\/p>\n<p>Caia\u00e7\u00e3o<\/p>\n<p>Liquibrilho<\/p>\n<p>Pintura s\/ telha cer\u00e2mica<\/p>\n<p>Selador s\/ madeira<\/p>\n<p>Texturato rustico<\/p>\n<p>Tinta a base de silicato sol\u00favel<\/p>\n<p>&nbsp;<\/p>\n<p><strong>6 FORROS:<\/strong><\/p>\n<p>Barroteamento em madeira de lei p\/ forro PVC<\/p>\n<p>Cimalha de gesso h=10cm<\/p>\n<p>Cimalha de madeira h=10cm<\/p>\n<p>Forro colmeia &#8211; Malha 4&#8243; x 4&#8243;( Instalado, incl. barroteamento)<\/p>\n<p>Forro colmeia liso ( incl. barroteamento)<\/p>\n<p>Forro em estuque<\/p>\n<p>Forro em gesso acartonado aramado<\/p>\n<p>Forro em gesso acartonado estruturado<\/p>\n<p>Forro em gesso ac\u00fastico (c\/l\u00e3 de vidro)<\/p>\n<p>Forro em gesso liso<\/p>\n<p>Forro em lambri de angelim (c\/ barroteamento)<\/p>\n<p>Forro em lambri de angelim (s\/ barroteamento)<\/p>\n<p>Forro em lambri de PVC<\/p>\n<p>Forro em placa de fibrocimento c\/ isolamento termico<\/p>\n<p>Forro em PVC 100mm entarugamento &#8211; metalico<\/p>\n<p>Forro em tabuas de marupa (c\/ barroteamento)<\/p>\n<p>Forro em tabuas de marupa (s\/ barroteamento)<\/p>\n<p>Forro eucatex natural e = 12mm<\/p>\n<p>Forro pacote (a\u00e7o cartola &#8211; liso branco)<\/p>\n<p>Forro paraline M2 232,22<\/p>\n<p>Reguado em madeira lei p\/ beiral (c\/ barroteamento)<\/p>\n<p>&nbsp;<\/p>\n<p><strong>7 REVESTIMENTOS:<\/strong><\/p>\n<p>Argamassa de cimento e areia 1:2 p\/ impermeabiliz.<\/p>\n<p>Argamassa de cimento e areia 1:4<\/p>\n<p>Argamassa de cimento e areia 1:6<\/p>\n<p>Argamassa de cimento e areia no tra\u00e7o 1:3<\/p>\n<p>Argamassa de cimento, areia e adit. plast. 1:6<\/p>\n<p>Azulejo branco assentado a prumo no tra\u00e7o 1:5:1<\/p>\n<p>Barra lisa c\/argamassa de cimento areia e barro<\/p>\n<p>Cantoneira para azulejo (alum\u00ednio)<\/p>\n<p>Carapinha c\/ argamassa no tra\u00e7o 1:4<\/p>\n<p>Cer\u00e2mica 10x10cm (padr\u00e3o m\u00e9dio)<\/p>\n<p>Cer\u00e2mica Terragres 10x10cm<\/p>\n<p>Chapisco de cimento e areia no tra\u00e7o 1:3<\/p>\n<p>Embo\u00e7o com argamassa 1:6:Adit. Plast.<\/p>\n<p>Grampeamento de parede<\/p>\n<p>Granito e=2cm<\/p>\n<p>Pastilha de porcelana 5x5cm &#8211; Padr\u00e3o Alto<\/p>\n<p>Pastilha de porcelana 5x5cm &#8211; Padr\u00e3o M\u00e9dio<\/p>\n<p>Pastilhas de vidro 2,5&#215;2,5cm<\/p>\n<p>Placa de argamassa armada<\/p>\n<p>Reboco com argamassa 1:6:Adit. Plast.<\/p>\n<p>Reboco com argamassa baritada<\/p>\n<p>Reboco com argamassa no tra\u00e7o 1:3 &#8211; p\/ epoxi<\/p>\n<p>Reboco estanhado<\/p>\n<p>Revestimento Cer\u00e2mico Padr\u00e3o Alto<\/p>\n<p>Revestimento Cer\u00e2mico Padr\u00e3o M\u00e9dio<\/p>\n<p>&nbsp;<\/p>\n<p><strong>8 VIDROS<\/strong><\/p>\n<p>Vidro aramado<\/p>\n<p>Vidro canelado e=3mm<\/p>\n<p>Vidro fume e=4mm<\/p>\n<p>Vidro laminex e=6mm<\/p>\n<p>Vidro liso e=4mm<\/p>\n<p>Vidro liso e=6mm<\/p>\n<p>Vidro martelado e=4mm<\/p>\n<p>Vidro temperado fume e= 6mm com ferragens<\/p>\n<p>Vidro temperado fum\u00ea e= 8mm com ferragens<\/p>\n<p>Vidro temperado fum\u00ea e=10mm com ferragens<\/p>\n<p>Vidro temperado fum\u00ea e=12mm com ferragens<\/p>\n<p>Vidro temperado incolor e= 6mm com ferragens<\/p>\n<p>Vidro temperado incolor e= 8mm com ferragens<\/p>\n<p>Vidro temperado incolor e=10mm com ferragens<\/p>\n<p>Vidro temperado incolor e=12mm com ferragens<\/p>\n<p>&nbsp;<\/p>\n<p><strong>9 PAREDES E PAIN\u00c9IS:<\/strong><\/p>\n<p>Alvenaria de eleva\u00e7\u00e3o c\/bloco de vidro 20x20x10cm<\/p>\n<p>Alvenaria de tijolo refrat\u00e1rio (11,4 x 2,5 x 22,9cm)<\/p>\n<p>Alvenaria tijolo de barro a cutelo<\/p>\n<p>Alvenaria tijolo de barro a singelo<\/p>\n<p>Divis\u00f3ria de MDF c\/ laminado<\/p>\n<p>Divis\u00f3ria de PVC<\/p>\n<p>Divis\u00f3ria Divilux perfil alum\u00ednio \/ miolo celular -P\/V\/P<\/p>\n<p>Divis\u00f3ria Divilux perfil em alum\u00ednio\/miolo celular (painel cego)<\/p>\n<p>Divis\u00f3ria em gesso acartonado ac\u00fastica e=9cm<\/p>\n<p>Divis\u00f3ria em gesso acartonado ac\u00fastico e=11cm<\/p>\n<p>Divis\u00f3ria em gesso acartonado e= 7cm<\/p>\n<p>Divis\u00f3ria em gesso acartonado e= 9cm<\/p>\n<p>Divis\u00f3ria em gesso acartonado e=11cm<\/p>\n<p>Divis\u00f3ria em gesso acartonado Pain\u00e9is duplos W112<\/p>\n<p>Divis\u00f3ria em granito cinza &#8211; incl. ferrag. de fixa\u00e7\u00e3o<\/p>\n<p>Divis\u00f3ria em granito preto &#8211; Incl. ferragens de fixa\u00e7\u00e3o<\/p>\n<p>Divis\u00f3ria em MDF sem laminado<\/p>\n<p>Divis\u00f3ria naval perfil em a\u00e7o\/miolo celular M2<\/p>\n<p>Elemento vazado 1\/2 tijolo 13x10x8cm<\/p>\n<p>&nbsp;<\/p>\n<p><strong>10 IMPERMEABILIZA\u00c7\u00d5ES \/TRATAMENTOS:<\/strong><\/p>\n<p>Aplica\u00e7\u00e3o de Carbol\u00e1stico sobre concreto (2 dem\u00e3os)<\/p>\n<p>Aplica\u00e7\u00e3o de Igol A sobre conc.\/alv. (3 dem\u00e3os)<\/p>\n<p>Aplica\u00e7\u00e3o de Neutrol s\/ concreto\/alvenaria<\/p>\n<p>Aplica\u00e7\u00e3o de Sika Top &#8211; 107 sobre concreto\/alvenaria\/ferragem<\/p>\n<p>Descupiniza\u00e7\u00e3o<\/p>\n<p>Impermeabiliza\u00e7\u00e3o com Vedacit (normal)<\/p>\n<p>Impermeabiliza\u00e7\u00e3o de jardineiras (Igol 2 + Sika<\/p>\n<p>Impermeabiliza\u00e7\u00e3o de lajes (cimento + areia)<\/p>\n<p>Impermeabiliza\u00e7\u00e3o de lajes e calhas (Igolflex+Sika1)<\/p>\n<p>Imuniza\u00e7\u00e3o p\/madeira c\/carbolineum<\/p>\n<p>Reboco impermeabilizante (c\/ Sika 1)<\/p>\n<p>&nbsp;<\/p>\n<p><strong>11 RODAP\u00c9S, SOLEIRAS E PEITORIS:<\/strong><\/p>\n<p>Peitoril em m\u00e1rmore branco e=3cm<\/p>\n<p>Rodap\u00e9 cer\u00e2mico h=8cm<\/p>\n<p>Rodap\u00e9 de alta resist\u00eancia (incl. polimento)<\/p>\n<p>Rodap\u00e9 em cimentado<\/p>\n<p>Rodap\u00e9 em granito e=2cm\/h=8cm<\/p>\n<p>Rodap\u00e9 em madeira de lei h=7cm<\/p>\n<p>Rodap\u00e9 em paviflex<\/p>\n<p>Rodap\u00e9 em poliestireno de 12cm<\/p>\n<p>Rodap\u00e9 em poliestireno de 9cm<\/p>\n<p>Rodap\u00e9 em Porcelanato<\/p>\n<p>Soleira e peitoril &#8211; granito preto &#8211; e=2cm<\/p>\n<p>Soleira e Peitoril em granito (preto) c\/ rebaixo e=3cm<\/p>\n<p>Soleira em cimentado h=15cm<\/p>\n<p>Soleira em m\u00e1rmore branco e=2cm<\/p>\n<p>Soleira em m\u00e1rmore de cor e=2cm<\/p>\n<p>&nbsp;<\/p>\n<p><strong>12 PISOS:<\/strong><\/p>\n<p>Ard\u00f3sia M2 53,85<\/p>\n<p>Cal\u00e7ada (incl. alicerce, baldrame e concreto c\/ junta seca)<\/p>\n<p>Camada impermeabilizadora e=10cm c\/ seixo<\/p>\n<p>Camada impermeabilizadora e=10cm c\/pedra preta (incl. Sika 1)<\/p>\n<p>Camada regularizadora no tra\u00e7o 1:4 M<\/p>\n<p>Carpete e=4mm M2<\/p>\n<p>Cer\u00e2mica antiderrapante<\/p>\n<p>Cimentado liso c\/ junta pl\u00e1stica<\/p>\n<p>Cimentado liso c\/junta de madeira<\/p>\n<p>Cimentado liso e=2cm tra\u00e7o 1:3<\/p>\n<p>Cimentado queimado<\/p>\n<p>Granito Juparan\u00e3 e=2cm<\/p>\n<p>Granito preto e=2cm<\/p>\n<p>Lajota cer\u00e2mica &#8211; PEI IV &#8211; (Padr\u00e3o M\u00e9dio)<\/p>\n<p>Lajota cer\u00e2mica &#8211; PEI V &#8211; (Padr\u00e3o Alto)<\/p>\n<p>Lajota cer\u00e2mica &#8211; tipo Terragres<\/p>\n<p>M\u00e1rmore branco e=3cm<\/p>\n<p>M\u00e1rmore de cor e=3cm<\/p>\n<p>Paviflex &#8211; assente na cola<\/p>\n<p>Pedra Cariri &#8211; filete ou almofadada<\/p>\n<p>Pedra Jacobina<\/p>\n<p>Pedra natural Cariri<\/p>\n<p>Pedra S. Tome<\/p>\n<p>Piso de alta resist\u00eancia e=8mm c\/ resina incl. camada regularizadora<\/p>\n<p>Piso em granito branco \u00c1rtico<\/p>\n<p>Piso em granito cinza Mau\u00e1<\/p>\n<p>Piso em granito verde Ubatuba<\/p>\n<p>Plurigoma &#8211; assente na cola<\/p>\n<p>Porcelanato (natural) &#8211; Padr\u00e3o Alto<\/p>\n<p>Porcelanato (natural) &#8211; Padr\u00e3o M\u00e9dio<\/p>\n<p>Porcelanato (polido) &#8211; Padr\u00e3o Alto<\/p>\n<p>Porcelanato (polido) &#8211; Padr\u00e3o M\u00e9dio<\/p>\n<p>&nbsp;<\/p>\n<p><strong>13 DEMOLI\u00c7\u00d5ES E RETIRADAS:<\/strong><\/p>\n<p>Retirada de entulho &#8211; manualmente (incluindo caixa coletora)<\/p>\n<p>Retirada de forro de gesso (incl. barroteamento)<\/p>\n<p>Retirada de forro em PVC, incl. barroteamento<\/p>\n<p>Retirada de lou\u00e7a sanit\u00e1ria<\/p>\n<p>Retirada de pintura (c\/ escova de a\u00e7o)<\/p>\n<p>Retirada de piso cer\u00e2mico, inclusive camada regularizadora<\/p>\n<p>Retirada de piso cimentado<\/p>\n<p>Retirada de piso em taco de madeira<\/p>\n<p>Retirada de piso incl. camada impermeabilizadora<\/p>\n<p>Retirada de piso vinilico<\/p>\n<p>Retirada de ponto de \u00e1gua\/esgoto<\/p>\n<p>Retirada de ponto el\u00e9trico<\/p>\n<p>Retirada de reboco ou embo\u00e7o<\/p>\n<p>Retirada de revestimento cer\u00e2mico<\/p>\n<p>Retirada de rodap\u00e9 cer\u00e2mico<\/p>\n<p>Retirada de Rodap\u00e9 em Granito<\/p>\n<p>Retirada de rodap\u00e9 em madeira<\/p>\n<p>Retirada de rodap\u00e9 em piso de alta resist\u00eancia<\/p>\n<p>Retirada de soleira e peitoril<\/p>\n<p>Retirada de telha de fibrocimento com aproveitamento<\/p>\n<p>Retirada de telhas de barro<\/p>\n<p>Retirada de telhas fibrocimento sem aproveitamento<\/p>\n","protected":false},"excerpt":{"rendered":"<p>&nbsp; SERVI\u00c7O DE LIMPEZA EM APARTAMENTOS RESIDENCIAIS Limpezas Realizadas: Limpeza do Ch\u00e3o; Limpeza Banheiro; Limpeza Janelas Internas; Limpeza de lumin\u00e1rias, tomadas e interruptores; Limpeza de portas; Limpeza de rodap\u00e9 e roda-teto; Limpeza externa de m\u00f3veis (conforme autoriza\u00e7\u00e3o); Recolhimento de lixo e limpeza de lixeiras. Arruma\u00e7\u00e3o das Camas. Disponibilidade de Pacotes Mensalista e Di\u00e1ria. Entre em [&hellip;]<\/p>\n","protected":false},"author":1,"featured_media":0,"parent":558,"menu_order":0,"comment_status":"open","ping_status":"open","template":"","meta":[],"_links":{"self":[{"href":"https:\/\/sindica.com.br\/site\/wp-json\/wp\/v2\/pages\/603"}],"collection":[{"href":"https:\/\/sindica.com.br\/site\/wp-json\/wp\/v2\/pages"}],"about":[{"href":"https:\/\/sindica.com.br\/site\/wp-json\/wp\/v2\/types\/page"}],"author":[{"embeddable":true,"href":"https:\/\/sindica.com.br\/site\/wp-json\/wp\/v2\/users\/1"}],"replies":[{"embeddable":true,"href":"https:\/\/sindica.com.br\/site\/wp-json\/wp\/v2\/comments?post=603"}],"version-history":[{"count":0,"href":"https:\/\/sindica.com.br\/site\/wp-json\/wp\/v2\/pages\/603\/revisions"}],"up":[{"embeddable":true,"href":"https:\/\/sindica.com.br\/site\/wp-json\/wp\/v2\/pages\/558"}],"wp:attachment":[{"href":"https:\/\/sindica.com.br\/site\/wp-json\/wp\/v2\/media?parent=603"}],"curies":[{"name":"wp","href":"https:\/\/api.w.org\/{rel}","templated":true}]}}